{"id":95,"date":"2015-10-08T00:09:05","date_gmt":"2015-10-07T23:09:05","guid":{"rendered":"http:\/\/nidenvol.be\/?page_id=95"},"modified":"2015-10-08T21:05:27","modified_gmt":"2015-10-08T20:05:27","slug":"statuts-objet-social","status":"publish","type":"page","link":"https:\/\/nidenvol.be\/index.php\/statuts-objet-social\/","title":{"rendered":"L&rsquo;objet social"},"content":{"rendered":"<p><strong>Dans le domaine de <span style=\"color: #ca3088;\">la petite enfance<\/span> et du <span style=\"color: #ca3088;\">soutien \u00e0 la parentalit\u00e9<\/span>,<br \/>\nl&rsquo;ASBL Nid&rsquo;Envol a pour but de :<br \/>\n<\/strong><\/p>\n<blockquote><p>\u2022 Cr\u00e9er, g\u00e9rer et animer des milieux d\u2019accueil collectifs pour les tout-petits dans un environnement propice \u00e0 leur \u00e9panouissement affectif et moteur ;<br \/>\n\u2022 Proposer aux (futurs-) parents un lieu de rencontre et d\u2019\u00e9change pour parler de leur v\u00e9cu ;<br \/>\n\u2022 Organiser des \u00e9v\u00e8nements th\u00e9matiques pour informer et \u00e9largir son regard sur la petite enfance et le r\u00f4le de chacun dans le d\u00e9veloppement psychomoteur des tout-petits;<br \/>\n\u2022 Concevoir des activit\u00e9s p\u00e9dagogiques, culturelles, artistiques ou de loisirs pour les enfants, les parents et leurs proches ;<br \/>\n\u2022 Travailler en collaboration avec les acteurs susceptibles d\u2019apporter leur soutien \u00e0 l\u2019association.<\/p><\/blockquote>\n<p>D\u2019autre part, les projets mis en \u0153uvre par l\u2019association visent \u00e0 sensibiliser les familles \u00e0 un retour aux sources, centr\u00e9 sur l\u2019humain, la tol\u00e9rance et le respect de la nature. Elle propose de tendre vers une alimentation plus saine, locale et bio.<\/p>\n<p>Enfin, l\u2019association a pour objectif de promouvoir la diversit\u00e9 socio-culturelle, les rencontres interg\u00e9n\u00e9rationnelles, l\u2019inclusion d\u2019enfants ou de personnes porteurs d\u2019un handicap, l\u2019aide aux enfants d\u00e9favoris\u00e9s. Elle touche directement les familles des enfants pr\u00e9sents dans ses milieux d\u2019accueil et les riverains et souhaite aussi s\u2019ouvrir aux parents isol\u00e9s ou socialement fragilis\u00e9s.<\/p>\n<p>>>> Extrait des statuts constitutifs de l&rsquo;ASBL publi\u00e9s au Moniteur Belge le 3\/8\/2015.<\/p>\n","protected":false},"excerpt":{"rendered":"<p>Dans le domaine de la petite enfance et du soutien \u00e0 la parentalit\u00e9, l&rsquo;ASBL Nid&rsquo;Envol a pour but de : \u2022 Cr\u00e9er, g\u00e9rer et animer des milieux d\u2019accueil collectifs pour les tout-petits dans un environnement propice \u00e0 leur \u00e9panouissement affectif&hellip; <br \/><a class=\"read-more-button\" href=\"https:\/\/nidenvol.be\/index.php\/statuts-objet-social\/\">Savoir plus<\/a><\/p>\n","protected":false},"author":1,"featured_media":0,"parent":0,"menu_order":0,"comment_status":"closed","ping_status":"closed","template":"","meta":{"footnotes":""},"class_list":["post-95","page","type-page","status-publish","hentry"],"_links":{"self":[{"href":"https:\/\/nidenvol.be\/index.php\/wp-json\/wp\/v2\/pages\/95","targetHints":{"allow":["GET"]}}],"collection":[{"href":"https:\/\/nidenvol.be\/index.php\/wp-json\/wp\/v2\/pages"}],"about":[{"href":"https:\/\/nidenvol.be\/index.php\/wp-json\/wp\/v2\/types\/page"}],"author":[{"embeddable":true,"href":"https:\/\/nidenvol.be\/index.php\/wp-json\/wp\/v2\/users\/1"}],"replies":[{"embeddable":true,"href":"https:\/\/nidenvol.be\/index.php\/wp-json\/wp\/v2\/comments?post=95"}],"version-history":[{"count":12,"href":"https:\/\/nidenvol.be\/index.php\/wp-json\/wp\/v2\/pages\/95\/revisions"}],"predecessor-version":[{"id":148,"href":"https:\/\/nidenvol.be\/index.php\/wp-json\/wp\/v2\/pages\/95\/revisions\/148"}],"wp:attachment":[{"href":"https:\/\/nidenvol.be\/index.php\/wp-json\/wp\/v2\/media?parent=95"}],"curies":[{"name":"wp","href":"https:\/\/api.w.org\/{rel}","templated":true}]}}

<p><strong>Dans le domaine de <span style="color: #ca3088;">la petite enfance</span> et du <span style="color: #ca3088;">soutien à la parentalité</span>,<br />
l&rsquo;ASBL Nid&rsquo;Envol a pour but de :<br />
</strong></p>
<blockquote><p>• Créer, gérer et animer des milieux d’accueil collectifs pour les tout-petits dans un environnement propice à leur épanouissement affectif et moteur ;<br />
• Proposer aux (futurs-) parents un lieu de rencontre et d’échange pour parler de leur vécu ;<br />
• Organiser des évènements thématiques pour informer et élargir son regard sur la petite enfance et le rôle de chacun dans le développement psychomoteur des tout-petits;<br />
• Concevoir des activités pédagogiques, culturelles, artistiques ou de loisirs pour les enfants, les parents et leurs proches ;<br />
• Travailler en collaboration avec les acteurs susceptibles d’apporter leur soutien à l’association.</p></blockquote>
<p>D’autre part, les projets mis en œuvre par l’association visent à sensibiliser les familles à un retour aux sources, centré sur l’humain, la tolérance et le respect de la nature. Elle propose de tendre vers une alimentation plus saine, locale et bio.</p>
<p>Enfin, l’association a pour objectif de promouvoir la diversité socio-culturelle, les rencontres intergénérationnelles, l’inclusion d’enfants ou de personnes porteurs d’un handicap, l’aide aux enfants défavorisés. Elle touche directement les familles des enfants présents dans ses milieux d’accueil et les riverains et souhaite aussi s’ouvrir aux parents isolés ou socialement fragilisés.</p>
<p>>>> Extrait des statuts constitutifs de l&rsquo;ASBL publiés au Moniteur Belge le 3/8/2015.</p>

<p>Dans le domaine de la petite enfance et du soutien à la parentalité, l&rsquo;ASBL Nid&rsquo;Envol a pour but de : • Créer, gérer et animer des milieux d’accueil collectifs pour les tout-petits dans un environnement propice à leur épanouissement affectif&hellip; <br /><a class="read-more-button" href="https://nidenvol.be/index.php/statuts-objet-social/">Savoir plus</a></p>
