{"id":379,"date":"2017-01-04T10:46:35","date_gmt":"2017-01-04T09:46:35","guid":{"rendered":"http:\/\/nidenvol.be\/?page_id=379"},"modified":"2026-05-03T08:55:47","modified_gmt":"2026-05-03T07:55:47","slug":"calendrier","status":"publish","type":"page","link":"https:\/\/nidenvol.be\/index.php\/calendrier\/","title":{"rendered":"Calendrier des cong\u00e9s"},"content":{"rendered":"<p><span style=\"color: #ca3088;\"><strong>2026<\/strong><\/span><\/p>\n<ul>\n<li><strong>VACANCES DE CARNAVAL<\/strong> : Pas de fermeture<\/li>\n<li>Lundi\u00a0<strong style=\"font-weight: bold; color: #ca3088;\"> 02 \/ 03 \/ 26<\/strong><em>\u00a0(\u00a0<strong>Journ\u00e9e p\u00e9dagogique 1 <\/strong>)<\/em><\/li>\n<li>Lundi de P\u00e2ques\u00a0<strong style=\"color: #ca3088;\">06 \/ 04 \/ 26<\/strong><\/li>\n<li><strong>VACANCES DE PRINTEMPS<\/strong> : du lundi <strong style=\"color: #ca3088;\">27 \/ 04 \/ 26<\/strong>\u00a0\u00a0<strong>au<\/strong> vendredi \u00a0<strong style=\"color: #ca3088;\">01 \/ 05 \/ 26 <strong>inclus<\/strong><\/strong><\/li>\n<li>Jeudi \u00a0<strong style=\"color: #ca3088;\">14 \/ 05 \/ 26<\/strong>\u00a0(Ascension)<\/li>\n<li>Lundi\u00a0 <strong style=\"color: #ca3088;\">25 \/ 05 \/ <\/strong><strong style=\"color: #ca3088;\">26<\/strong> (Pentec\u00f4te)<\/li>\n<li>Mardi<strong style=\"font-weight: bold; color: #ca3088;\"> 09\/ 06 \/ 26<\/strong><em>\u00a0(\u00a0<strong>Journ\u00e9e p\u00e9dagogique 2 <\/strong>)<\/em><\/li>\n<li><strong>VACANCES D&rsquo;ETE<\/strong> :\u00a0du lundi <strong style=\"color: #ca3088;\">20 \/ 07 \/ 26<\/strong>\u00a0\u00a0<strong>au<\/strong> vendredi \u00a0<strong style=\"color: #ca3088;\">07 \/ 08 \/ 26 <strong>inclus<\/strong><\/strong><\/li>\n<li>Vendredi<strong style=\"font-weight: bold; color: #ca3088;\"> ? \/ 10 \/ 26<\/strong><em>\u00a0(\u00a0<strong>Journ\u00e9e p\u00e9dagogique 3 &gt; \u00e0 confirmer<\/strong>)<\/em><\/li>\n<li><strong>VACANCES DE TOUSSAINT<\/strong> : Pas de fermeture<\/li>\n<li>Mercredi\u00a0 <strong style=\"color: #ca3088;\">11 \/ 11 \/ 26 <\/strong>(Armistice)<\/li>\n<li><strong>VACANCES DE NOEL<\/strong>\u00a0 :\u00a0du lundi <strong style=\"color: #ca3088;\">21 \/ 12 \/ 26\u00a0 <\/strong><strong>au<\/strong> vendredi\u00a0\u00a0<strong style=\"color: #ca3088;\">01\/ 01 \/ 27 <\/strong><strong style=\"color: #ca3088;\">\u00a0inclus<\/strong><\/li>\n<\/ul>\n","protected":false},"excerpt":{"rendered":"<p>2026 VACANCES DE CARNAVAL : Pas de fermeture Lundi\u00a0 02 \/ 03 \/ 26\u00a0(\u00a0Journ\u00e9e p\u00e9dagogique 1 ) Lundi de P\u00e2ques\u00a006 \/ 04 \/ 26 VACANCES DE PRINTEMPS : du lundi 27 \/ 04 \/ 26\u00a0\u00a0au vendredi \u00a001 \/ 05 \/&hellip; <br \/><a class=\"read-more-button\" href=\"https:\/\/nidenvol.be\/index.php\/calendrier\/\">Savoir plus<\/a><\/p>\n","protected":false},"author":1,"featured_media":0,"parent":0,"menu_order":0,"comment_status":"closed","ping_status":"closed","template":"","meta":{"footnotes":""},"class_list":["post-379","page","type-page","status-publish","hentry"],"_links":{"self":[{"href":"https:\/\/nidenvol.be\/index.php\/wp-json\/wp\/v2\/pages\/379","targetHints":{"allow":["GET"]}}],"collection":[{"href":"https:\/\/nidenvol.be\/index.php\/wp-json\/wp\/v2\/pages"}],"about":[{"href":"https:\/\/nidenvol.be\/index.php\/wp-json\/wp\/v2\/types\/page"}],"author":[{"embeddable":true,"href":"https:\/\/nidenvol.be\/index.php\/wp-json\/wp\/v2\/users\/1"}],"replies":[{"embeddable":true,"href":"https:\/\/nidenvol.be\/index.php\/wp-json\/wp\/v2\/comments?post=379"}],"version-history":[{"count":54,"href":"https:\/\/nidenvol.be\/index.php\/wp-json\/wp\/v2\/pages\/379\/revisions"}],"predecessor-version":[{"id":922,"href":"https:\/\/nidenvol.be\/index.php\/wp-json\/wp\/v2\/pages\/379\/revisions\/922"}],"wp:attachment":[{"href":"https:\/\/nidenvol.be\/index.php\/wp-json\/wp\/v2\/media?parent=379"}],"curies":[{"name":"wp","href":"https:\/\/api.w.org\/{rel}","templated":true}]}}